 the greatest common factor of 104 and 8664?
8
Calculate the highest common divisor of 4142 and 5966.
38
Calculate the greatest common factor of 4445 and 2240.
35
Calculate the highest common divisor of 16 and 658928.
16
Calculate the highest common divisor of 939 and 123635.
313
What is the greatest common divisor of 4 and 119168?
4
Calculate the greatest common factor of 6987 and 548.
137
What is the highest common divisor of 1969 and 4654?
179
What is the greatest common factor of 15413325 and 151?
151
What is the highest common divisor of 15904 and 1846?
142
Calculate the greatest common divisor of 80150 and 210.
70
Calculate the greatest common divisor of 6 and 33249.
3
Calculate the highest common factor of 18624 and 485.
97
Calculate the highest common factor of 276136 and 168.
56
Calculate the greatest common divisor of 649732 and 1524.
508
Calculate the greatest common divisor of 6032 and 80272.
464
Calculate the highest common factor of 43148 and 1608.
268
Calculate the highest common divisor of 18190 and 850.
170
Calculate the greatest common divisor of 1651 and 39370.
127
Calculate the greatest common factor of 870 and 13862.
58
Calculate the greatest common factor of 117046 and 172.
86
Calculate the greatest common factor of 567 and 28413.
63
What is the greatest common factor of 270 and 10680?
30
Calculate the greatest common factor of 672 and 6062.
14
What is the highest common factor of 6588 and 45?
9
Calculate the highest common factor of 57 and 2624052.
57
Calculate the highest common divisor of 833869 and 2294.
1147
What is the highest common divisor of 240 and 7690?
10
What is the greatest common factor of 8770243 and 197?
197
What is the highest common factor of 52576 and 8374?
106
What is the greatest common divisor of 7557 and 140835?
687
Calculate the greatest common factor of 16529176 and 8.
8
What is the greatest common divisor of 938658 and 84?
42
What is the highest common factor of 123 and 23070?
3
What is the greatest common factor of 4476 and 2148?
12
What is the greatest common factor of 307 and 20569?
307
What is the highest common divisor of 28424 and 7448?
152
Calculate the greatest common factor of 1827 and 482589.
261
What is the greatest common divisor of 3066 and 714?
42
Calculate the highest common divisor of 19746504 and 186.
186
Calculate the greatest common divisor of 335927 and 61.
61
Calculate the greatest common factor of 10644 and 24.
12
What is the greatest common factor of 100656 and 792?
72
What is the greatest common divisor of 48692 and 2068?
188
Calculate the highest common factor of 136208 and 6.
2
Calculate the greatest common factor of 485995 and 142.
71
Calculate the greatest common factor of 9 and 1623249.
9
Calculate the greatest common factor of 29960 and 350104.
856
What is the greatest common divisor of 348 and 386164?
116
Calculate the greatest common factor of 860 and 24424.
172
What is the greatest common factor of 3346 and 12754?
14
What is the highest common divisor of 9163 and 86877?
49
What is the highest common divisor of 6769 and 7?
7
What is the greatest common factor of 204 and 353796?
12
What is the highest common divisor of 182 and 25886?
14
What is the greatest common divisor of 3955866 and 255?
51
Calculate the highest common factor of 19218 and 102.
6
What is the highest common divisor of 61790 and 24790?
370
Calculate the highest common divisor of 2116 and 2047.
23
Calculate the highest common divisor of 681 and 1001751.
681
What is the highest common divisor of 123 and 950421?
123
What is the highest common divisor of 9 and 10779?
3
Calculate the greatest common divisor of 2560 and 15104.
256
Calculate the highest common divisor of 50 and 4698550.
50
Calculate the highest common factor of 356757 and 218.
109
Calculate the greatest common factor of 74995 and 35.
5
Calculate the highest common divisor of 248124 and 414.
138
What is the highest common factor of 158 and 1192031?
79
What is the highest common factor of 59244 and 48?
12
Calculate the highest common factor of 120 and 6852.
12
Calculate the greatest common factor of 3034 and 23616.
82
Calculate the greatest common divisor of 60296 and 32.
8
Calculate the greatest common divisor of 260 and 1305096.
52
Calculate the greatest common divisor of 22 and 1025915.
11
What is the highest common factor of 1464087 and 1251?
417
What is the greatest common factor of 23669159 and 2257?
2257
Calculate the highest common factor of 4042 and 3526.
86
What is the highest common divisor of 24154 and 962?
26
Calculate the greatest common factor of 287412 and 7482.
258
Calculate the highest common divisor of 56 and 26016.
8
What is the greatest common divisor of 13345020 and 780?
780
What is the highest common factor of 15 and 142365?
15
Calculate the highest common factor of 7923 and 4587.
417
Calculate the greatest common divisor of 125 and 10625.
125
What is the highest common divisor of 238648 and 152?
8
Calculate the highest common divisor of 638 and 365893.
319
Calculate the highest common factor of 136 and 23512.
8
Calculate the greatest common factor of 121662 and 27.
27
Calculate the highest common divisor of 15974 and 3577.
49
What is the highest common divisor of 83 and 137531?
83
What is the highest common factor of 1356 and 2264181?
339
Calculate the greatest common factor of 197085 and 1155.
105
Calculate the greatest common factor of 28855 and 203.
29
Calculate the greatest common divisor of 1289466 and 162.
54
What is the greatest common factor of 221 and 481?
13
What is the highest common factor of 14198 and 11221?
229
Calculate the greatest common divisor of 240764 and 92.
92
Calculate the highest common divisor of 1183 and 4501.
7
What is the greatest common factor of 44 and 2216?
4
Calculate the greatest common divisor of 693982 and 742.
106
What is the highest common factor of 45 and 281?
1
What is the greatest common divisor of 31608 and 1116?
36
Calculate the highest common divisor of 413 and 44191.
413
What is the greatest common divisor of 179861 and 581?
83
What is the greatest common factor of 11850 and 18350?
50
Calculate the highest common divisor of 21 and 952665.
21
What is the greatest common divisor of 14796 and 200020?
548
Calculate the highest common factor of 20680 and 200.
40
Calculate the highest common divisor of 1190144 and 128.
128
What is the greatest common divisor of 2538 and 4653?
423
Calculate the highest common factor of 15132 and 6708.
156
What is the highest common factor of 839 and 107392?
839
What is the highest common divisor of 550 and 6116?
22
Calculate the highest common factor of 366 and 7081002.
366
Calculate the highest common divisor of 1093 and 8464192.
1093
What is the greatest common divisor of 131 and 337849?
131
What is the greatest common factor of 24 and 327108?
12
What is the greatest common divisor of 98340 and 20?
20
What is the highest common factor of 929 and 173?
1
Calculate the greatest common factor of 8122 and 786.
262
What is the highest common factor of 947956 and 1614?
538
Calculate the greatest common divisor of 2392598 and 23.
23
Calculate the highest common divisor of 9451910 and 20.
10
Calculate the greatest common divisor of 194766 and 572.
286
Calculate the greatest common factor of 3097 and 4636.
19
Calculate the greatest common factor of 1398 and 228.
6
What is the highest common divisor of 5380837 and 469?
469
Calculate the highest common divisor of 36034 and 215.
43
Calculate the highest common divisor of 72660 and 490.
70
What is the greatest common divisor of 4490 and 43104?
898
Calculate the highest common factor of 2905 and 1960.
35
What is the greatest common factor of 184 and 5240?
8
Calculate the greatest common divisor of 340663 and 14297.
493
What is the greatest common factor of 132 and 5599?
11
What is the greatest common divisor of 6954 and 114?
114
What is the greatest common divisor of 959 and 62746?
137
What is the greatest common divisor of 120826 and 14?
2
What is the highest common divisor of 3258 and 1926?
18
Calculate the greatest common divisor of 448 and 163674.
14
Calculate the highest common divisor of 46 and 120681.
23
What is the highest common factor of 125856 and 1008?
144
What is the greatest common factor 